.
12
What is 1011011 (base 2) in base 8?
133
Convert 3 (base 10) to base 3.
10
0 (base 10) to base 2
0
What is -2 (base 4) in base 6?
-2
Convert -10 (base 3) to base 16.
-3
What is -12 (base 3) in base 5?
-10
Convert 6 (base 7) to base 12.
6
11011 (base 3) to base 11
a2
Convert -73 (base 16) to base 11.
-a5
What is 27 (base 16) in base 10?
39
What is -69 (base 15) in base 2?
-1100011
103 (base 7) to base 4
310
Convert 34 (base 7) to base 6.
41
What is -1 (base 11) in base 9?
-1
Convert 31 (base 11) to base 9.
37
Convert -1021 (base 3) to base 11.
-31
Convert -10 (base 3) to base 10.
-3
Convert 103 (base 5) to base 4.
130
What is 7 (base 14) in base 8?
7
141 (base 8) to base 2
1100001
What is 11 (base 2) in base 16?
3
10001101 (base 2) to base 7
261
-10011 (base 2) to base 16
-13
11 (base 4) to base 13
5
-7b (base 15) to base 16
-74
What is -11 (base 5) in base 4?
-12
What is -2 (base 11) in base 14?
-2
What is 1 (base 9) in base 13?
1
36 (base 16) to base 11
4a
Convert 2 (base 10) to base 6.
2
What is 0 (base 12) in base 6?
0
What is 1022 (base 6) in base 10?
230
Convert 4 (base 12) to base 6.
4
110 (base 2) to base 12
6
Convert 2 (base 10) to base 5.
2
13 (base 7) to base 11
a
63 (base 10) to base 15
43
9 (base 13) to base 7
12
Convert 0 (base 7) to base 11.
0
What is 12220 (base 3) in base 11?
135
Convert 11 (base 3) to base 10.
4
Convert -5 (base 16) to base 4.
-11
-20 (base 8) to base 6
-24
What is 119 (base 12) in base 13?
c9
0 (base 13) to base 15
0
What is -3 (base 15) in base 2?
-11
25 (base 7) to base 10
19
Convert 6 (base 7) to base 9.
6
Convert -3 (base 16) to base 4.
-3
Convert -3 (base 13) to base 11.
-3
1a (base 11) to base 16
15
13 (base 6) to base 10
9
What is 4 (base 8) in base 3?
11
Convert 4 (base 13) to base 15.
4
What is -3 (base 10) in base 6?
-3
What is -1021 (base 3) in base 2?
-100010
What is 1113 (base 4) in base 6?
223
What is 20222 (base 3) in base 7?
356
Convert -12 (base 7) to base 16.
-9
-2 (base 13) to base 14
-2
-2 (base 15) to base 11
-2
Convert -5 (base 10) to base 7.
-5
0 (base 8) to base 11
0
Convert -8 (base 10) to base 6.
-12
Convert 112 (base 3) to base 8.
16
What is 3 (base 13) in base 14?
3
-121 (base 8) to base 2
-1010001
Convert -101 (base 4) to base 13.
-14
Convert -11110110 (base 2) to base 11.
-204
1 (base 15) to base 6
1
Convert 1101 (base 2) to base 3.
111
Convert -2 (base 7) to base 6.
-2
-7 (base 15) to base 7
-10
Convert 4 (base 5) to base 14.
4
Convert 1 (base 13) to base 3.
1
5 (base 16) to base 5
10
-1c (base 14) to base 6
-42
11 (base 9) to base 12
a
What is -454 (base 7) in base 14?
-12b
Convert 1 (base 12) to base 9.
1
What is 3 (base 12) in base 11?
3
3 (base 16) to base 13
3
-113 (base 4) to base 11
-21
-1 (base 3) to base 12
-1
Convert 0 (base 7) to base 8.
0
10 (base 3) to base 7
3
Convert -13 (base 5) to base 11.
-8
Convert -3 (base 12) to base 5.
-3
-1 (base 15) to base 3
-1
4b (base 15) to base 3
2122
What is -3 (base 9) in base 10?
-3
What is 1 (base 5) in base 4?
1
23 (base 9) to base 16
15
What is -17 (base 14) in base 2?
-10101
What is -1 (base 6) in base 13?
-1
Convert 10 (base 3) to base 14.
3
Convert 3 (base 9) to base 13.
3
-1 (base 2) to base 16
-1
What is -1f (base 16) in base 14?
-23
What is -2 (base 7) in base 15?
-2
-101000 (base 2) to base 11
-37
What is -1 (base 15) in base 5?
-1
Convert 5 (base 13) to base 9.
5
Convert -c (base 13) to base 7.
-15
-12 (base 11) to base 3
-111
Convert 41 (base 7) to base 9.
32
Convert -3 (base 16) to base 10.
-3
What is 1111 (base 2) in base 9?
16
What is 5b (base 15) in base 4?
1112
Convert 6 (base 11) to base 4.
12
67 (base 8) to base 5
210
127 (base 13) to base 2
11001010
13d (base 14) to base 10
251
51 (base 16) to base 14
5b
2 (base 14) to base 13
2
-2 (base 6) to base 9
-2
Convert 23 (base 11) to base 13.
1c
Convert 31 (base 4) to base 14.
d
What is -10 (base 16) in base 9?
-17
What is 23 (base 8) in base 15?
14
Convert -3 (base 10) to base 15.
-3
What is -10 (base 7) in base 6?
-11
Convert -4 (base 13) to base 16.
-4
What is -4 (base 10) in base 16?
-4
0 (base 10) to base 14
0
-35 (base 12) to base 11
-38
-47 (base 9) to base 15
-2d
What is 26 (base 10) in base 16?
1a
Convert -2 (base 4) to base 2.
-10
Convert 201 (base 7) to base 5.
344
What is 0 (base 5) in base 11?
0
What is -3 (base 5) in base 13?
-3
What is 2 (base 15) in base 6?
2
143 (base 5) to base 2
110000
-19 (base 14) to base 8
-27
-1011101 (base 2) to base 4
-1131
What is 1332 (base 4) in base 9?
150
1 (base 3) to base 14
1
-3 (base 11) to base 8
-3
Convert 16 (base 8) to base 4.
32
Convert -200 (base 3) to base 4.
-102
What is 4 (base 7) in base 13?
4
What is -1202 (base 4) in base 16?
-62
-236 (base 10) to base 15
-10b
102 (base 3) to base 10
11
What is 18 (base 15) in base 12?
1b
-14 (base 8) to base 6
-20
105 (base 9) to base 10
86
72 (base 8) to base 5
213
Convert -8 (base 12) to base 4.
-20
9 (base 11) to base 9
10
Convert 3 (base 7) to base 3.
10
What is -215 (base 8) in base 14?
-a1
What is -8 (base 15) in base 10?
-8
What is -101111 (base 2) in base 4?
-233
-1203 (base 5) to base 6
-454
What is -120 (base 3) in base 5?
-30
What is -2 (base 7) in base 9?
-2
Convert -18 (base 9) to base 13.
-14
Convert -34 (base 5) to base 2.
-10011
-b (base 15) to base 12
-b
4 (base 9) to base 8
4
Convert 1a (base 12) to base 5.
42
34 (base 12) to base 15
2a
What is -24 (base 14) in base 11?
-2a
-3 (base 16) to base 2
-11
84 (base 16) to base 6
340
What is -3 (base 12) in base 4?
-3
Convert 201 (base 3) to base 6.
31
Convert 25 (base 8) to base 3.
210
Convert 0 (base 13) to base 2.
0
11 (base 3) to base 12
4
-172 (base 10) to base 12
-124
What is 33 (base 9) in base 12?
26
What is 58 (base 13) in base 5?
243
What is -4 (base 5) in base 14?
-4
Convert -17 (base 11) to base 9.
-20
Convert -11 (base 13) to base 3.
-112
-31 (base 7) to base 10
-22
Convert f (base 16) to base 10.
15
Convert 4 (base 7) to base 13.
4
Convert -8 (base 14) to base 7.
-11
Convert 0 (base 10) to base 6.
0
-22 (base 14) to base 3
-1010
Convert 25 (base 11) to base 15.
1c
What is 100 (base 2) in base 12?
4
What is 8 (base 13) in base 2?
1000
What is -200 (base 9) in base 7?
-321
What is -280 (base 9) in base 16?
-ea
Convert -1b (base 15) to base 8.
-32
29 (base 10) to base 4
131
-1d (base 16) to base 6
-45
What is 1 (base 4) in base 13?
1
1 (base 2) to base 6
1
Convert -6 (base 11) to base 4.
-12
Convert -5 (base 10) to base 2.
-101
What is 88 (base 9) in base 5?
310
-6 (base 11) to base 8
-6
What is -100 (base 2) in base 8?
-4
What is -173 (base 9) in base 4?
-2103
Convert 20 (base 8) to base 16.
10
49 (base 13) to base 16
3d
11 (base 7) to base 2
1000
Convert -1 (base 11) to base 14.
-1
Convert -4 (base 12) to base 4.
-10
Convert 39 (base 13) to base 7.
66
What is -8 (base 15) in base 14?
-8
What is 87 (base 13) in base 14?
7d
Convert 121 (base 12) to base 14.
c1
Convert -17b (base 16) to base 12.
-277
151 (base 9) to base 11
106
Convert -1 (base 3) to base 8.
-1
c0 (base 16) to base 12
140
Convert -5 (base 10) to base 13.
-5
What is -3 (base 11) in base 3?
-10
What is 11 (base 4) in base 6?
5
Convert 4 (base 8) to base 6.
4
4 (base 10) to base 11
4
What is -3 (base 6) in base 9?
-3
Convert 8 (base 16) to base 15.
8
Convert -2 (base 9) to base 5.
-2
-69 (base 11) to base 3
-2210
Convert 11 (base 5) to base 13.
6
-2 (base 7) to base 16
-2
10 (base 4) to base 10
4
What is -54 (base 10) in base 13?
-42
What is 23 (base 11) in base 2?
11001
Convert 4 (base 16) to base 10.
4
Convert -2 (base 10) to base 6.
-2
What is -1110110 (base 2) in base 13?
-91
2 (base 9) to base 4
2
Convert -20110 (base 3) to base 7.
-336
3 (base 10) to base 11
3
-8 (base 13) to base 9
-8
What is 7 (base 10) in base 8?
7
What is -c (base 14) in base 4?
-30
What is -1 (base 10) in base 7?
-1
What is -1 (base 10) in base 7?
-1
Convert 1 (base 9) to base 4.
1
13 (base 8) to base 11
10
30 (base 9) to base 4
123
140 (base 8) to base 4
1200
-120 (base 4) to base 5
-44
72 (base 8) to base 15
3d
What is -4 (base 5) in base 6?
-4
1 (base 14) to base 5
1
What is -365 (base 8) in base 10?
-245
What is 1000 (base 2) in base 7?
11
What is -8c (base 16) in base 2?
-10001100
Convert -1201 (base 3) to base 2.
-101110
Convert -2 (base 15) to 